. Is 7 a factor of k(-7)?
True
Let z = 14 - -4. Let u be 160/(-9) - 4/z. Is (0 + -3)/(3/u) a multiple of 9?
True
Let b = 2147 + -3459. Is 14 a factor of (-2)/(-5) - b/20?
False
Suppose 3*t - 4 = 23. Is t a multiple of 9?
True
Let c(w) be the third derivative of w**5/60 + w**4/6 - w**3 + 2*w**2. Is c(5) a multiple of 26?
False
Suppose 224 = 2*p + r, 5*r = p - 2*p + 94. Does 15 divide p?
False
Let l(q) = -2 + 2 - q + 2. Let p be l(6). Does 4 divide ((-10)/p)/((-2)/(-4))?
False
Let s(k) = -k**3 + 4*k**2 - 4*k + 3. Let d be s(3). Suppose -3*p + 52 = 2*a, 5*p - 5*a + 3*a - 92 = d. Does 9 divide p?
True
Let t(g) = 10*g - 1. Let c be t(1). Suppose 2*b + 2*v = b - c, 8 = -2*b - 2*v. Let o(a) = 2*a**2 + 1. Is o(b) even?
False
Suppose -4*u - b = -79, -3*b + 0*b - 15 = 0. Suppose 2*r - u - 51 = 0. Is r a multiple of 18?
True
Suppose -o - 28 = -4*o + 4*j, 0 = 2*o + 5*j + 12. Suppose 0 = 2*i + 2*u - 38, -u - 1 = o*i - 86. Is 11 a factor of i?
True
Suppose 4*s - 2*o + 20 = 0, 2*o = -3*o - 10. Let l = s + 12. Is 3 a factor of l?
True
Let r(o) = 3*o - 3. Does 9 divide r(4)?
True
Suppose 0 = -4*z - 4*z + 728. Is z a multiple of 13?
True
Let x = 14 + -12. Suppose 5*h = x*h + 84. Does 8 divide h?
False
Let q(t) = -18*t - 14. Does 7 divide q(-4)?
False
Suppose 4*p - 44 = -0*p. Let m = p + -8. Suppose -5*t - 5*c = -70, -4*t + m*c = -13 - 50. Is 7 a factor of t?
False
Suppose -l + 2*l - 16 = -n, -3*l = 2*n - 43. Suppose l = 5*m - 19. Is m a multiple of 2?
True
Suppose -8*m - 16 = -4*m. Let r be 2 - m - (1 - -1). Suppose -3*h - 8 = 4*k - 69, -r*k + 2*h + 66 = 0. Is k a multiple of 8?
True
Let o = -2 - -2. Suppose 24 = 5*y + z - 2*z, 3*y + 4*z - 19 = o. Is y even?
False
Let r be -2 + 5 + (-2)/2. Let o be 63/15 - r/10. Suppose h = o*h + 5*j - 50, 0 = 4*h + j - 95. Is 7 a factor of h?
False
Suppose -5*a - 2 = 3*k, -a = -0*a - 4*k - 18. Suppose a*d + 3 = -r - 3, -4*d = 3*r + 14. Let s = 15 + r. Is s a multiple of 13?
True
Suppose 0 = -0*g + 5*g + 25, 2*k - 211 = -5*g. Suppose 0 = -5*b + 52 + k. Does 17 divide b?
True
Let s(g) = g - 3. Let r be s(6). Let n = 0 + r. Does 3 divide n?
True
Let z = 252 - 179. Is 13 a factor of z?
False
Let j = 8 + -6. Suppose -l - 65 = -j*m, -5*m + 2*m + 2*l = -99. Let i = m + -21. Does 10 divide i?
True
Let f(a) = a + 6. Let r be f(-6). Suppose -m + 15 = -2*w, 4*m - 3*w + 4 - 84 = r. Is m a multiple of 15?
False
Is 0 + (-7)/((-14)/124) a multiple of 9?
False
Suppose -4 = -3*o + 5. Is 18 a factor of (-2 + 0 + o)*23?
False
Suppose 3*j = -4*x + 643, 0 = -3*x - 5 + 17. Is 19 a factor of j?
True
Let u = 51 + -26. Is 11 a factor of u?
False
Let q = 273 - 147. Is q a multiple of 14?
True
Let a(g) = g + 18. Is a(-6) a multiple of 4?
True
Let k be (3/9)/(1/(-33)). Let n be 4/(-14) + (-354)/(-14). Let c = k + n. Does 7 divide c?
True
Suppose -7*y + 484 = 8. Is 19 a factor of y?
False
Suppose 2*u - 16 = j, -3*u - j = -2 - 12. Let s = u - 10. Let q = -1 - s. Is q even?
False
Let c(q) = 7*q - 6*q - 6 + 4*q. Let g be 0 + 3 + (-2)/(-2). Is c(g) a multiple of 14?
True
Let m(d) = 21*d**2 - 3*d - 2. Does 8 divide m(-1)?
False
Is (-1 + -1)/((-4)/50) a multiple of 6?
False
Is 11 a factor of -3 - (-23 - 0 - 2)?
True
Let s(j) = 20*j**2 + 4*j + 2. Let r be s(-3). Let n be (-7 - -10) + (1 - 0). Suppose -f = 2*f - 5*k - 65, -5*f - n*k + r = 0. Does 15 divide f?
True
Let y be (-1580)/(-6) - 2/(-3). Is (y/20)/(6/20) a multiple of 14?
False
Let n(g) = 19*g**2 - g. Does 17 divide n(-2)?
False
Let n = -10 + 13. Suppose -3*h - 12 = 0, -n*p + 2*h + 52 = -82. Is p a multiple of 21?
True
Let c(d) be the second derivative of d**5/20 - d**4/12 + 12*d**2 + 3*d. Is c(0) a multiple of 14?
False
Suppose -w + 3*w - 32 = 0. Is w a multiple of 7?
False
Is 150/(-35) + 2/7 - -405 a multiple of 17?
False
Is 13 a factor of ((-3900)/(-8))/(-5)*(-2)/3?
True
Let y be (11/(-1) - 3)/(-2). Let l = y + 21. Is 6 a factor of l?
False
Let a(v) = -v**3 - v**2 + 44. Let l be a(0). Is l/(-3)*(-9)/6 a multiple of 17?
False
Let t(j) = 20*j**3 + 2*j - 1. Suppose -1 - 4 = -5*x. Does 6 divide t(x)?
False
Let p(u) = -3*u - 7. Let v be p(-7). Suppose -7*n + 70 = -2*n. Is 4/v + 360/n a multiple of 10?
False
Suppose 0*t - 1 = t. Let u = 14 + t. Does 5 divide u?
False
Suppose -2*c - 7*x = -12*x - 333, 5*c - 775 = x. Is 41 a factor of c?
False
Let p(d) = -3*d**2 + 5. Let w(s) = 4*s**2 - 6. Let q(k) = 3*p(k) + 2*w(k). Let x be q(0). Suppose 0 = -4*y + x*y + 7. Is 7 a factor of y?
True
Let g = 14 - 9. Suppose 0 = -0*x + 4*x - 3*a - 43, -3*a = g*x - 47. Is 10 a factor of x?
True
Let f(o) be the third derivative of -o**6/120 + 3*o**5/20 - 5*o**4/24 + o**3 + 5*o**2. Is 33 a factor of f(4)?
True
Does 2 divide 3 - (-1 - -3)*-7?
False
Let f(d) = d**2 + d - 61. Is f(12) a multiple of 18?
False
Suppose n + 7*n - 880 = 0. Is 22 a factor of n?
True
Let n = 167 - 118. Is n a multiple of 7?
True
Suppose 5*j - 4*r - 184 = 0, j - 3*r + 2*r - 37 = 0. Is 9 a factor of j?
True
Suppose -5*p = -13 - 2. Is 14 a factor of 17 - (p + (-3 - -3))?
True
Let d(q) be the first derivative of 2*q - 7/2*q**2 + 1 - 1/3*q**3. Is 3 a factor of d(-6)?
False
Let d be 32/6 - 2/6. Suppose d*y + 33 = 138. Does 8 divide y?
False
Suppose 4*s - 72 = -5*b, -6 = 4*s + 2. Suppose 0 = d + b - 55. Is d a multiple of 13?
True
Suppose -11*l + 6*l + 1395 = 0. Is 31 a factor of l?
True
Let m = -7 + 6. Suppose -3*f - 20 = -3*v - f, -2*v + 16 = -2*f. Let u = v + m. Is u even?
False
Let m(u) = -2*u**2 - 23*u - 20. Does 12 divide m(-8)?
True
Suppose 0*p - 2*p = 6. Let w = p + 3. Suppose -c - 2*c + 117 = w. Is c a multiple of 13?
True
Suppose 0 = j + 3*n + 11, -3*j - 2*n = 5 + 14. Let r = 3 - j. Is (r/6)/((-4)/(-54)) a multiple of 7?
False
Suppose -4*p = -5*z + 22, -2*p = -0*z - z + 8. Let n(o) = 8*o + 0*o**2 + 4*o**z - o**3 - 1 - 4. Is n(5) a multiple of 10?
True
Let k = -4 + 1. Let d(b) = -2*b**3 - 3*b**2 - 2*b - 3. Is 8 a factor of d(k)?
False
Suppose -3*c - 92 = -l - c, 275 = 3*l - 5*c. Is 7 a factor of l?
False
Suppose i = 12 + 39. Is 3 a factor of i?
True
Let r = -225 - -533. Suppose 2*b - 355 = -3*b - 5*n, 4*b - 2*n - r = 0. Is 25 a factor of b?
True
Let f = 20 + -2. Is f a multiple of 6?
True
Let y = 7 - -8. Suppose c = -2*c + y. Let o = c + 1. Does 3 divide o?
True
Is 6 a factor of 0 - (-35 - 1/(-2)*-2)?
True
Suppose -2*z + 10 = -0*z. Suppose -x = -z*x - 116. Let s = 31 - x. Is 22 a factor of s?
False
Is (-44)/(-66) - (-68)/6 a multiple of 4?
True
Let t(d) = 21*d + 13. Let n(z) = -5*z - 3. Let u(g) = 26*n(g) + 6*t(g). Is 13 a factor of u(-6)?
False
Let m(d) = -d + 7. Let p be m(5). Suppose 5*w = 2*w + 5*s + 28, -3*w - p*s + 56 = 0. Is 7 a factor of w?
False
Let c(d) = -d**2 + d + 8. Let k be c(4). Is 26/(-4)*(k - 0) a multiple of 13?
True
Suppose -2*i - 4*d = -95 + 3, 5*i + 2*d - 262 = 0. Does 27 divide i?
True
Let n(j) = -j**2 - 12*j - 4. Does 8 divide n(-6)?
True
Suppose 3*a - 3*w - 378 = -8*w, 5*w = 0. Is 16 a factor of a?
False
Let u(c) = -3*c - c - 4 - 1 + 2*c. Is u(-4) a multiple of 3?
True
Suppose -5*w + 61 + 89 = 0. Suppose 2*d - 60 = 2*x - 0*x, -w = -d - 2*x. Suppose y + d = 3*h, -2 - 8 = -h - 3*y. Is h a multiple of 5?
True
Let s(z) = -3 + 3*z - z + 5*z**2 + 0*z. Does 16 divide s(3)?
True
Suppose -5*j + 5*g = -1060, 0 = -5*j - 4*g + 2*g + 1067. Let m(u) = u + 1. Let l be m(-1). Suppose 2*b - q = -3*b + j, l = 5*q + 15. Does 14 divide b?
True
Let w(r) = 2*r + 9. Let n(k) = k + 1. Let x be n(-4). Let b(o) = 3*o + 9. Let g(d) = x*b(d) + 4*w(d). Does 9 divide g(0)?
True
Let n = -619 - -885. Does 14 divide n?
True
Let l be 174/4*(-8)/(-12). Suppose -5 = r - l. Is 8 a factor of r?
True
Let f(u) = u**3 + u**2 - u + 22. Does 22 divide f(0)?
True
Let b(l) = 4*l**2 + 4*l. Let d be (-5 - -8)*(-4)/3. Is b(d) a multiple of 13?
False
Suppose 0*q - 5*q = -5*t - 10, -2*t + 20 = 2*q. Suppose q*c - c = -3*y + 54, 5*c = 2*y + 39. Suppose -w + c + 8 = 0. Is 6 a factor of w?
False
Let k = -9 + 2. Let b(g) = g**3 + 10*g**2 + 9*g - 6. Is b(k) a multiple of 13?
True
Let m(t) = -t**3 + 4*t**2 + 3*t - 4. Let c be m(-3). Suppose 0 = -2*g + 3*g - c. Does 25 divide g?
True
Let h = 7 + -1. Is ((-164)/h)/(22/(-33)) a multiple of 10?
False
Let a(u) be the third derivative of -u**6/180 - u**5/20 + u**4/24 - 3*u**2. Let k(p) be the second derivative of a(p). Is 17 a factor of 